 multiple of 14?
True
Suppose -2 + 11 = 3*l. Suppose -1 = -l*z - 10. Does 10 divide (-42)/4*4/z?
False
Let o(t) = t**3 + 6*t**2 + t + 2. Let g be o(-4). Suppose 0 = -3*v + a + g, -9 = -v + 3*a + 9. Does 5 divide v?
False
Let j = -209 - -369. Is 20 a factor of j?
True
Let d be 1*(-3 - -2) + 4. Suppose 5*k = -z + 146, 0*k - z - 94 = -d*k. Is 10 a factor of k?
True
Let f(j) = -3*j**3 - 4*j**2 - 3*j + 2. Is 16 a factor of f(-2)?
True
Let o(m) = 3*m + 3. Let b be o(-4). Let f(h) = -h**2 - 9*h + 3. Is f(b) a multiple of 3?
True
Let o(c) = -c**2 - 15*c - 9. Is o(-8) a multiple of 15?
False
Let z = 62 + -32. Does 15 divide z?
True
Let t(c) = -c**3 - 3*c**2 - c + 2. Let n be t(-2). Let k be 0 + n + 1 + -1. Is 8 a factor of 40/(-6)*(k + -3)?
False
Suppose 0 = -5*r + 20 + 10. Suppose -u - 2*u = r. Is 14 a factor of -2 + 44 + (-2 - u)?
True
Suppose -121 = -3*h + 56. Let u = -40 + h. Is 19 a factor of u?
True
Let b = 13 - -55. Is b a multiple of 34?
True
Let o be (4 + -1)*(-24)/9. Is (4 + -8)/(o/12) a multiple of 4?
False
Suppose -2*x + 211 + 17 = 0. Is 30 a factor of x?
False
Let n(o) = -o. Let k be n(-5). Suppose t + 111 = 3*h + 6*t, k*t - 37 = -h. Is 14 a factor of h?
False
Does 9 divide 79 + (1*3)/(7/(-7))?
False
Let n(v) = -v**2 + 5. Let k be n(0). Let i = 23 - k. Is 4 a factor of i?
False
Let c be (-11)/2 - (-3)/6. Let m = -4 - c. Is 13*((m - 0) + 1) a multiple of 15?
False
Suppose -12 = 5*c - 4*c. Suppose -5*i + w + 49 + 105 = 0, 3*i - 70 = -5*w. Let d = i - c. Is d a multiple of 21?
True
Let i(z) = z**3 - 5*z**2 + 2*z - 2. Let b(a) be the first derivative of -3*a**2/2 - 4*a + 2. Let q be b(-3). Is 7 a factor of i(q)?
False
Let k(g) = -g + 154. Is k(0) a multiple of 16?
False
Suppose -z + 4 = 0, 0*z = -3*v - 2*z + 26. Suppose t - v = -5*g, 3*t + 3*g - 18 = 2*g. Does 2 divide t/(-6) - 5/(-1)?
True
Suppose -h + 4*p + 45 = 0, -5*h + 17 = 2*p - 142. Does 11 divide h?
True
Suppose 5*r = 4*p - 22 + 1, 4*r = -20. Let i(s) = -s**2 + 4*s + 4. Let w be i(5). Is 19 a factor of p - (-1*21 - w)?
True
Let w(u) = 2*u**3 - u - 7. Does 7 divide w(3)?
False
Let h be 4*-7*(-2)/4. Let b(s) = -s + 20. Is 3 a factor of b(h)?
True
Suppose 5*q - 103 + 12 = 3*f, 4*q - 5*f - 65 = 0. Does 13 divide q?
False
Let t = -1 - -1. Suppose f = -t*f + 17. Let y = f + 11. Is y a multiple of 14?
True
Suppose -2*g + 3*g = -4. Let f(d) = -3*d + 4. Is 5 a factor of f(g)?
False
Let j(y) = y**3 - 3*y**2 + 6*y - 2. Is j(4) a multiple of 19?
True
Let t be (2 + -4)/((-4)/10). Suppose 3*l - t - 10 = 0. Is 2 a factor of l?
False
Is 17 a factor of (3 - 2) + -3 + 85?
False
Suppose -11*j + 9*j = -78. Is 13 a factor of j?
True
Let p = 395 + -222. Is 24 a factor of p?
False
Suppose 5*h - 50 - 85 = 0. Is 24*2/(24/h) a multiple of 27?
True
Suppose -2*y = 4*k - 96, 0 = 2*y + k - 0*k - 87. Is y a multiple of 42?
True
Let n = -7 - -10. Suppose 5*q + 17 - 97 = -3*f, -5*q + 110 = -n*f. Is 19 a factor of q?
True
Let z(d) = -d + 2. Let c(q) be the third derivative of q**5/60 + q**4/8 - q**3/2 + q**2. Let n be c(-3). Is 2 a factor of z(n)?
False
Let k = 6 - 1. Suppose b - 3 = k. Suppose a = 7 + b. Does 7 divide a?
False
Let n be 1/(-1 + (-7)/(-6)). Let v = n + 23. Let s = v - 5. Does 10 divide s?
False
Does 15 divide (-49)/((1 - 2)/1)?
False
Suppose -4*b + 496 = -4*h, -4*h + 3*h - 3*b = 132. Is 24 a factor of 2 - (4 + h)/2?
False
Let z(o) = -o**3 + 5*o**2 + o - 3. Let p be z(5). Is 4 a factor of 12 + 0/(p/1)?
True
Let t(p) = -3*p**3 + 2*p**2 - 5*p - 3. Let k(l) = -5*l**3 + 4*l**2 - 9*l - 5. Let y(w) = 4*k(w) - 7*t(w). Is y(-2) even?
False
Let v(y) = -8*y**2 + 3*y - 2. Let o(k) = 16*k**2 - 6*k + 5. Let n(m) = 3*o(m) + 5*v(m). Does 12 divide n(2)?
False
Let j(g) = -2*g**2 + 6 - 4 - g + 3*g**2. Is 11 a factor of j(5)?
True
Let h(g) be the second derivative of 9*g**5/20 - g**3/3 + g**2/2 + 2*g. Let f be h(1). Suppose f = r - 0*r. Is r a multiple of 6?
False
Let g(x) = -35*x - 2. Suppose 5*a + 0 = -10. Does 23 divide g(a)?
False
Let t = 132 + -86. Does 23 divide t?
True
Let z be 480/27 - (-2)/9. Suppose 4*x - z = -5*a + 3*a, -3*a = 2*x - 11. Suppose 32 = 4*l + 3*p, -2*l + 3*p - 1 - a = 0. Does 2 divide l?
False
Let z(s) = -4*s**3 - 4*s**2 + 7. Does 49 divide z(-3)?
False
Does 8 divide 34 - (3 - 1 - 1)?
False
Let u(g) = g + 14. Is 8 a factor of u(5)?
False
Let y be (6/2)/3*-1. Let b be (-25)/2*y*-2. Let q = b + 43. Is q a multiple of 17?
False
Suppose 0 = 4*w - 16, 3*a + 2*w - 94 = -2*w. Does 13 divide a?
True
Suppose 5*b + 0*b - 85 = 0. Does 2 divide b?
False
Suppose 0 - 16 = -4*r. Suppose -2*l - r*l = -114. Does 7 divide l?
False
Suppose 26 + 144 = i. Is i a multiple of 10?
True
Let w(i) = 6*i + 1. Let s(o) = -o. Let t(y) = 5*s(y) - w(y). Is t(-1) a multiple of 9?
False
Let v be ((-21)/(-12))/(4/(-32)). Let s = 14 - v. Is s a multiple of 14?
True
Let a(h) be the third derivative of 0 + 1/6*h**3 + 7/20*h**5 + 1/12*h**4 + 4*h**2 + 0*h. Does 5 divide a(-1)?
True
Let y = 2 - -10. Does 3 divide y?
True
Is -2*(-6)/2*9 a multiple of 9?
True
Let s(a) = 35*a - 23. Does 35 divide s(7)?
False
Let o(r) be the second derivative of -2*r - 1/6*r**3 + 0 + 1/12*r**4 + 2*r**2. Does 3 divide o(3)?
False
Let m(x) = -x**3 + 4*x + 1. Is 4 a factor of m(-3)?
True
Let p = 69 + -64. Does 3 divide p?
False
Suppose w + 3*y + 10 = 0, 4*w - 3*y = y + 8. Let d(t) = -3*t**3 - 2*t - 1. Let p be d(w). Suppose 46 = u - 5*o, 3*o + 112 = p*u + o. Is 13 a factor of u?
True
Let q be ((-8)/(-10))/((-1)/5). Let l be (-3 - q) + (-18)/(-2). Suppose 0*h + 2*h = l. Does 2 divide h?
False
Does 18 divide (-5 - -7)/(1/18)?
True
Let t(a) = -12*a - 1 + 40*a + 0. Is t(1) a multiple of 9?
True
Suppose -3*z - 21 = -2*z - 5*m, 21 = -2*z + 3*m. Let n(s) be the second derivative of -5*s**3/6 - 3*s. Is n(z) a multiple of 11?
False
Let j be 29/(-2) + 4/(-8). Is 1 + -1 - 2 - j a multiple of 13?
True
Let r = 67 + -42. Suppose 5*i = 125 + r. Suppose 3*a = 54 + i. Is a a multiple of 14?
True
Let o(h) be the third derivative of 5*h**4/24 - 6*h**2. Is o(1) even?
False
Suppose -w + 5 = d, 5*w + 2*d + 5 = 7*d. Let k be 2/((8/12)/1). Suppose -k*r + 7 = -w*r. Does 7 divide r?
True
Suppose -3*y = -y - 4. Let z = 61 + 2. Suppose -y*v + z = v. Does 18 divide v?
False
Suppose -12*y + 268 = -212. Is y a multiple of 4?
True
Is 12 a factor of (-1 + 95*1)/(-21 - -23)?
False
Suppose -3*h + 2*a + 0 = -5, a = 2*h - 5. Suppose -3*i + 4*s - 58 = 0, 4*i - 14 = h*i + 4*s. Let p = i - -33. Does 11 divide p?
False
Let p = 11 + -11. Suppose y + 4*z = 40, -3*y = -p*z + 2*z - 80. Is y a multiple of 12?
True
Let b(v) be the second derivative of v**4/12 - v**3/3 - v**2 + v. Does 12 divide b(6)?
False
Suppose 2*a - 18 = -4*p, 2*p - 4*a = -7 - 9. Suppose -r - 2 = -4*x, -p*x - 12 = -3*r + 2. Does 6 divide r?
True
Let k(r) = -r**2 - 9*r - 9. Let w be k(-7). Suppose 0 = m - w*m + 2*j + 20, j = m - 6. Suppose -m*g + 8 = -64. Is g a multiple of 9?
True
Suppose 0 = -4*d - 5*w + 560, w + 35 - 595 = -4*d. Suppose r = -2*o + 48, 4*r - d = r - 4*o. Is 27 a factor of r?
False
Suppose 30 = -2*h - i, 3*i = -h + i - 15. Let j = 3 - h. Is 10 a factor of j?
False
Let u(l) = -l**3 + 5*l**2 + 2*l + 5. Let b be u(5). Suppose -b = -a + 12. Does 12 divide a?
False
Suppose -3*y = y - 8. Suppose r + 13 = -0*r + y*b, 4*r - b + 17 = 0. Is 8 a factor of (-3)/r + (20 - 2)?
False
Suppose 0 = -5*u - 5, 3*o + 28 = 6*o - u. Suppose -i = -13 - o. Does 11 divide i?
True
Let c = -20 - -36. Is 4 a factor of c?
True
Let s(x) = 2*x**2 - 3. Let n be s(3). Let r = -7 + n. Is 4 a factor of r?
True
Let q = 18 + -15. Suppose -q*y + 4 + 77 = 0. Is y a multiple of 9?
True
Is (-14)/21 + (-251)/(-3) a multiple of 11?
False
Does 11 divide 3/2*(-120)/(-9)?
False
Let l(p) = p**2 - 2*p - 2. Let m(u) = -u**2 + u + 3. Let t(n) = 3*l(n) + 2*m(n). Does 5 divide t(5)?
True
Let r(w) = -w**3 - 2*w**2 + 15. Does 10 divide r(0)?
False
Suppose 5 = -d - 4*d. Let p = d - -3. Does 2 divide p?
True
Suppose 2*s - 2*o - 30 = -4*o, o = 5*s - 87. Does 14 divide s?
False
Suppose 3*c + 2*c - 15 = 0. Does 3 divide c?
True
Suppose 2*n - 11 + 5 = 0. Suppose 4*q - 5*f - 132 = 0, q + 5*f = 3*q - 56. Suppose 5*o - 13 = -q, -n*g + o + 83 = 0. Is 13 a factor of g?
True
Suppose 160 = 6*v + 2*v. Is 5 a factor of v?
True
Let z(w) = w**2 - w + 1. Let o be (-3 + (2 - -3))*-2. Let 